86 a multiple of 234?
True
Does 485 divide 292451255?
False
Does 781 divide 292220731?
False
Is 88738030 a multiple of 5?
True
Is 621216 a multiple of 3?
True
Is 4473 a factor of 2054176047?
True
Is 1610 a factor of 100364180?
True
Does 959 divide 118899396?
False
Is 136 a factor of 109435972?
False
Does 953 divide 1198566956?
False
Is 140281263 a multiple of 33?
False
Is 11180691 a multiple of 3?
True
Does 8603 divide 5719425796?
False
Is 6240972 a multiple of 102?
True
Is 1561 a factor of 2024933883?
True
Does 9 divide 66742319?
False
Is 2 a factor of 31259179?
False
Is 56 a factor of 3603768?
True
Is 245555999 a multiple of 22?
False
Is 6400 a factor of 71462400?
True
Is 101654093 a multiple of 2?
False
Does 18 divide 80339598?
True
Is 417670110 a multiple of 1105?
True
Is 11805303 a multiple of 2960?
False
Does 1105 divide 11027974?
False
Is 1318497609 a multiple of 14421?
True
Does 362 divide 312893252?
True
Is 104 a factor of 1633617630?
False
Is 137 a factor of 62978626?
True
Does 34 divide 20434782?
True
Does 2277 divide 276670905?
False
Is 10 a factor of 138532330?
True
Does 13 divide 242726328?
True
Does 351 divide 876761847?
True
Is 225 a factor of 552876525?
True
Is 6 a factor of 425841983?
False
Is 5168246 a multiple of 227?
False
Does 2115 divide 1066598730?
True
Does 633 divide 6011857998?
True
Does 2197 divide 285287041?
True
Is 751518791 a multiple of 13?
False
Does 117 divide 4281625962?
False
Is 9 a factor of 198289881?
True
Is 116589706 a multiple of 91?
False
Is 178 a factor of 39449239?
False
Does 84 divide 11047932?
True
Does 1620 divide 130084380?
True
Is 20085156 a multiple of 84?
True
Is 61 a factor of 254615891?
True
Is 507278391 a multiple of 8?
False
Is 20 a factor of 58561930?
False
Is 294 a factor of 125701758?
True
Is 1310 a factor of 262449330?
True
Is 1245 a factor of 114525060?
True
Is 60 a factor of 316353868?
False
Is 135 a factor of 23155200?
True
Does 12 divide 168454692?
True
Does 9 divide 2743955?
False
Is 13 a factor of 551062239?
True
Does 516 divide 881909532?
True
Is 262592400 a multiple of 150?
True
Does 117 divide 821340?
True
Is 1203403465 a multiple of 10?
False
Does 341 divide 359596346?
False
Does 28 divide 22859823?
False
Is 2731529660 a multiple of 760?
False
Is 7 a factor of 88781142?
False
Is 18061072 a multiple of 68?
True
Is 20661006 a multiple of 6?
True
Is 610 a factor of 865109320?
True
Is 530 a factor of 157918800?
True
Is 41835749 a multiple of 2112?
False
Is 12 a factor of 608495460?
True
Is 1063654302 a multiple of 343?
False
Is 67 a factor of 880851171?
False
Is 1465283219 a multiple of 47?
False
Is 121 a factor of 115346821?
False
Does 241 divide 1150846095?
True
Is 23 a factor of 61988067?
False
Is 3019569 a multiple of 3?
True
Is 106201677 a multiple of 1153?
True
Is 844771716 a multiple of 159?
False
Is 271 a factor of 771466235?
False
Does 135 divide 22792185?
True
Is 34422882 a multiple of 5?
False
Is 643 a factor of 101559921?
True
Does 1819 divide 1663025661?
False
Does 63 divide 1026534638?
False
Does 13 divide 109812079?
True
Is 6 a factor of 27697518?
True
Is 335323637 a multiple of 13?
False
Is 4 a factor of 7180124?
True
Is 48 a factor of 69179980?
False
Is 7522 a factor of 1572481895?
False
Is 134645223 a multiple of 69?
False
Does 10 divide 149240324?
False
Is 58 a factor of 76250192?
False
Does 34 divide 2138150860?
True
Is 64458924 a multiple of 336?
False
Is 56 a factor of 1608911304?
True
Does 4631 divide 76040256?
False
Does 38 divide 65311389?
False
Is 140591400 a multiple of 5?
True
Does 29 divide 58545389?
False
Is 143 a factor of 66792132?
False
Is 104 a factor of 1568039?
False
Is 8 a factor of 656244460?
False
Is 164 a factor of 204570803?
False
Is 421694550 a multiple of 25?
True
Is 17 a factor of 11732734?
False
Is 8412844 a multiple of 7?
False
Does 1079 divide 12781144?
False
Is 287661037 a multiple of 2734?
False
Is 285312374 a multiple of 907?
False
Is 501961536 a multiple of 9?
True
Is 8877548 a multiple of 47?
True
Is 215003567 a multiple of 30?
False
Is 3366744 a multiple of 24?
True
Is 20 a factor of 13577220?
True
Does 12 divide 603985128?
True
Is 2528757 a multiple of 287?
True
Is 180 a factor of 190692443?
False
Is 664 a factor of 101372880?
True
Does 543 divide 41196177?
False
Is 420 a factor of 6945659?
False
Is 8722634 a multiple of 106?
True
Is 739 a factor of 35860694?
False
Is 519 a factor of 1025200941?
True
Does 1115 divide 2762827143?
False
Is 221356871 a multiple of 3?
False
Does 150 divide 1723260000?
True
Does 1353 divide 69372477?
False
Does 266 divide 142867163?
False
Is 49 a factor of 298015354?
True
Is 129 a factor of 19675077?
False
Is 146687101 a multiple of 17?
True
Does 120 divide 4851600?
True
Is 5 a factor of 27595101?
False
Does 249 divide 23619488?
False
Is 12994563 a multiple of 8?
False
Does 12 divide 2480744084?
False
Is 356494516 a multiple of 28?
True
Is 43811515 a multiple of 55?
True
Is 8 a factor of 23775056?
True
Is 2698092848 a multiple of 267?
False
Is 5445 a factor of 704212740?
True
Does 279 divide 167506462?
False
Does 1839 divide 93341626?
False
Is 84515076 a multiple of 81?
True
Is 80424276 a multiple of 1053?
False
Does 2429 divide 2524982062?
False
Is 676 a factor of 589888143?
False
Is 19214991 a multiple of 234?
False
Is 8365452 a multiple of 7?
False
Does 567 divide 30014145?
True
Is 696348321 a multiple of 37?
False
Is 962 a factor of 10777021?
False
Does 1587 divide 592953984?
True
Is 7011 a factor of 442169748?
True
Is 2787007536 a multiple of 16?
True
Is 68022412 a multiple of 1413?
False
Is 1713264846 a multiple of 361?
True
Is 255571951 a multiple of 193?
True
Is 102 a factor of 76757807?
False
Does 144 divide 139778552?
False
Does 3 divide 17961386?
False
Is 3148866 a multiple of 938?
True
Is 5 a factor of 332161922?
False
Is 72997240 a multiple of 8?
True
Does 1333 divide 248800451?
True
Does 13 divide 67289872?
True
Is 40039013 a multiple of 409?
False
Is 113327216 a multiple of 49?
False
Does 204 divide 42255744?
True
Is 23 a factor of 649066252?
False
Is 84 a factor of 8718360?
True
Does 55 divide 22409420?
True
Does 2351 divide 682206127?
True
Is 16118700 a multiple of 260?
True
Does 12 divide 616842727?
False
Does 1382 divide 3255309?
False
Does 1397 divide 21576665?
True
Does 14 divide 468110510?
True
Is 23 a factor of 220594322?
False
Is 1485990 a multiple of 1738?
True
Is 35936456 a multiple of 1400?
False
Does 142 divide 6697572?
True
Is 2853588 a multiple of 111?
True
Is 126 a factor of 730705?
False
Does 246 divide 165984019?
False
Does 3228 divide 83008020?
True
Is 1999 a factor of 44862454?
False
Is 1520736934 a multiple of 50?
False
Is 3987536074 a multiple of 11?
False
Is 640 a factor of 4549798045?
False
Is 27 a factor of 346216458?
False
Does 64 divide 4627500137?
False
Is 260807123 a multiple of 2?
False
Does 58 divide 509854858?
True
Is 1786595962 a multiple of 468?
False
Is 50583680 a multiple of 54?
False
Is 171 a factor of 202811472?
True
Does 33 divide 5737908?
True
Does 785 divide 182740994?
False
Is 577965760 a multiple of 7?
False
Is 15023670 a multiple of 1329?
False
Is 35 a factor of 1744951670?
True
Does 8 divide 43771820?
False
Is 141 a factor of 2291270586?
True
Is 226 a factor of 4596913?
False
Does 136 divide 57416626?
False
Is 7 a factor of 35489127?
False
Is 970 a factor of 400625520?
True
Does 240 divide 314492957?
False
Is 107916301 a multiple of 505?
False
Is 10434737 a multiple of 136?
False
Is 5502896 a multiple of 8?
True
Does 10 divide 285048388?
False
Does 3747 divide 218753607?
True
Is 27005705 a multiple of 2?
False
Is 342 a factor of 104314446?
True
Is 583 a factor of 91490190?
True
Does 58 divide 120766042?
False
Is 75633632 a multiple of 8?
True
Is 15772218 a multiple of 98?
True
Is 82 a factor of 410397372?
True
Is 17 a factor of 422715251?
True
Is 32585995 a multiple of 59?
True
Is 1361 a factor of 66241231?
True
Does 39 divide 88668628?
False
Is 110 a factor of 117587580?
True
Does 9 divide 216497502?
True
Is 216 a factor of 31608435?
False
Is 116618588 a multiple of 18?
False
Is 1631 a factor of 387300856?
False
Does 22 divide 481623494?
True
Is 9 a factor of 553202656?
False
Is 46382850 a multiple of 885?
True
Does 31 divide 7445214